-86 (base 14) in base 10?
-118
-13 (base 15) to base 11
-17
What is -1a (base 15) in base 9?
-27
What is 11 (base 3) in base 6?
4
Convert -126 (base 14) to base 13.
-149
What is -3 (base 7) in base 15?
-3
Convert 105 (base 11) to base 5.
1001
Convert 21 (base 4) to base 16.
9
1100 (base 2) to base 7
15
What is -b (base 12) in base 2?
-1011
-110 (base 3) to base 2
-1100
67 (base 13) to base 14
61
Convert -20211 (base 3) to base 14.
-d2
-4 (base 11) to base 6
-4
What is 5 (base 15) in base 11?
5
Convert 1010 (base 2) to base 10.
10
-28 (base 12) to base 2
-100000
What is -22 (base 7) in base 8?
-20
1 (base 8) to base 7
1
Convert 3 (base 5) to base 2.
11
What is 6 (base 9) in base 11?
6
Convert -1 (base 6) to base 16.
-1
Convert 54 (base 8) to base 11.
40
What is 2 (base 15) in base 9?
2
What is -49 (base 14) in base 2?
-1000001
Convert -53 (base 15) to base 8.
-116
-61 (base 7) to base 5
-133
-4 (base 5) to base 11
-4
2 (base 9) to base 3
2
Convert 21100 (base 3) to base 9.
240
65 (base 12) to base 5
302
-3 (base 16) to base 6
-3
89 (base 15) to base 14
93
Convert 11 (base 3) to base 14.
4
-2 (base 12) to base 3
-2
Convert 4 (base 15) to base 11.
4
5 (base 6) to base 9
5
What is -6 (base 8) in base 5?
-11
Convert -23 (base 15) to base 5.
-113
Convert 1 (base 8) to base 10.
1
Convert -315 (base 7) to base 8.
-237
-154 (base 7) to base 9
-107
3 (base 9) to base 10
3
Convert 5 (base 15) to base 7.
5
-41 (base 5) to base 4
-111
-5 (base 11) to base 5
-10
236 (base 10) to base 13
152
What is 11 (base 5) in base 14?
6
What is -15 (base 9) in base 12?
-12
Convert 48 (base 9) to base 14.
32
Convert -114 (base 8) to base 15.
-51
What is 4 (base 11) in base 8?
4
Convert 233 (base 5) to base 2.
1000100
What is -11 (base 3) in base 13?
-4
What is 0 (base 2) in base 6?
0
Convert 279 (base 10) to base 13.
186
What is -2 (base 13) in base 10?
-2
Convert 15 (base 10) to base 7.
21
Convert 1000 (base 2) to base 13.
8
Convert -4 (base 11) to base 12.
-4
-233 (base 4) to base 8
-57
12 (base 8) to base 4
22
-1 (base 16) to base 6
-1
What is -6 (base 9) in base 6?
-10
What is -123 (base 13) in base 5?
-1243
Convert 13 (base 6) to base 3.
100
What is -6 (base 9) in base 2?
-110
-3 (base 10) to base 3
-10
What is -2 (base 7) in base 9?
-2
What is -10 (base 3) in base 6?
-3
What is 1 (base 9) in base 16?
1
What is 7 (base 10) in base 14?
7
-d (base 14) to base 7
-16
What is 71 (base 9) in base 13?
4c
-1 (base 12) to base 5
-1
Convert -1 (base 16) to base 7.
-1
What is -2a (base 16) in base 10?
-42
What is 57 (base 10) in base 14?
41
-111 (base 3) to base 15
-d
What is 164 (base 7) in base 13?
74
-11 (base 14) to base 6
-23
-2 (base 16) to base 7
-2
What is -41 (base 11) in base 7?
-63
What is 4 (base 12) in base 16?
4
13 (base 13) to base 8
20
-2c (base 13) to base 7
-53
What is -221 (base 4) in base 8?
-51
Convert 13 (base 12) to base 8.
17
What is 20 (base 10) in base 4?
110
What is -3323 (base 4) in base 3?
-100022
What is 71 (base 14) in base 5?
344
-9a (base 12) to base 11
-a8
Convert 3 (base 4) to base 6.
3
-1 (base 12) to base 15
-1
What is 11 (base 5) in base 10?
6
Convert 22 (base 14) to base 4.
132
-4 (base 12) to base 13
-4
-11011 (base 2) to base 9
-30
Convert 10 (base 4) to base 10.
4
Convert 11 (base 4) to base 2.
101
What is 133 (base 4) in base 11?
29
111 (base 2) to base 9
7
What is -16 (base 10) in base 6?
-24
-10221 (base 3) to base 2
-1101010
-6 (base 16) to base 12
-6
8 (base 12) to base 11
8
What is 10 (base 9) in base 16?
9
Convert -123 (base 9) to base 8.
-146
Convert 138 (base 13) to base 11.
187
Convert -e (base 16) to base 9.
-15
Convert 102 (base 4) to base 8.
22
Convert 8 (base 10) to base 14.
8
Convert 1 (base 2) to base 11.
1
Convert -3 (base 9) to base 5.
-3
Convert 2 (base 7) to base 2.
10
What is -7 (base 9) in base 3?
-21
Convert -2 (base 3) to base 4.
-2
What is -19 (base 11) in base 12?
-18
2 (base 13) to base 14
2
What is 152 (base 9) in base 8?
200
-2341 (base 5) to base 8
-532
What is 28 (base 13) in base 11?
31
What is 41 (base 9) in base 13?
2b
What is -12 (base 5) in base 12?
-7
Convert -a (base 16) to base 2.
-1010
Convert 12 (base 6) to base 16.
8
-20 (base 9) to base 3
-200
What is -35 (base 11) in base 6?
-102
-161 (base 10) to base 13
-c5
-3 (base 14) to base 5
-3
2 (base 15) to base 9
2
1011011 (base 2) to base 7
160
-12 (base 16) to base 8
-22
What is 4 (base 15) in base 10?
4
Convert -3 (base 9) to base 5.
-3
Convert 6 (base 7) to base 14.
6
What is 4 (base 16) in base 6?
4
Convert 25 (base 8) to base 15.
16
-2 (base 5) to base 15
-2
Convert 10 (base 5) to base 6.
5
Convert -1 (base 8) to base 15.
-1
-7 (base 14) to base 2
-111
What is 200 (base 5) in base 6?
122
60 (base 16) to base 8
140
-14 (base 6) to base 10
-10
What is -10 (base 2) in base 15?
-2
What is 8 (base 12) in base 3?
22
What is 37 (base 9) in base 2?
100010
What is -9d (base 15) in base 4?
-2110
What is -14 (base 6) in base 8?
-12
Convert 204 (base 7) to base 15.
6c
What is -5 (base 8) in base 9?
-5
What is -5 (base 9) in base 11?
-5
Convert -61 (base 9) to base 14.
-3d
-45 (base 6) to base 16
-1d
-28 (base 12) to base 14
-24
1 (base 8) to base 7
1
What is -45 (base 11) in base 14?
-37
Convert 4 (base 16) to base 14.
4
What is -101 (base 2) in base 4?
-11
Convert -15d (base 15) to base 8.
-471
What is 11 (base 4) in base 7?
5
Convert -22 (base 10) to base 15.
-17
6 (base 11) to base 13
6
-3 (base 5) to base 3
-10
306 (base 7) to base 2
10011001
Convert -256 (base 7) to base 4.
-2023
What is -9 (base 13) in base 16?
-9
Convert -21 (base 8) to base 9.
-18
What is 30 (base 9) in base 7?
36
-57 (base 10) to base 14
-41
Convert 150 (base 9) to base 6.
330
101 (base 2) to base 10
5
Convert -58 (base 9) to base 10.
-53
What is -41 (base 12) in base 2?
-110001
63 (base 9) to base 8
71
-14 (base 15) to base 11
-18
-203 (base 5) to base 10
-53
What is -104 (base 7) in base 6?
-125
Convert -14 (base 14) to base 9.
-20
What is -223 (base 6) in base 11?
-7a
-32 (base 6) to base 15
-15
Convert 110101 (base 2) to base 9.
58
Convert 11121 (base 3) to base 12.
a4
-20 (base 10) to base 6
-32
Convert -230 (base 6) to base 11.
-82
Convert -d (base 15) to base 4.
-31
Convert 3 (base 10) to base 15.
3
What is -83 (base 9) in base 2?
-1001011
Convert -132 (base 6) to base 12.
-48
Convert 122 (base 6) to base 14.
38
What is 6b (base 12) in base 4?
1103
What is -66 (base 8) in base 14?
-3c
1 (base 8) to base 16
1
-54 (base 14) to base 9
-82
Convert 8 (base 9) to base 14.
8
What is -4 (base 6) in base 9?
-4
-3 (base 16) to base 7
-3
What is 16 (base 12) in base 4?
102
3 (base 12) to base 14
3
Convert -11000001 (base 2) to base 8.
-301
-30 (base 12) to base 8
-44
1 (base 2) to base 4
1
-ac (base 14) to base 6
-412
-1 (base 13) to base 2
-1
What is -1 (base 16) in base 8?
-1
What is 9 (base 12) in base 7?
12
What is -11 (base 5) in base 3?
-20
Convert -2 (base 16) to base 13.
-2
What is 4 (base 8) in base 11?
4
What is 58 (base 10) in base 11?
53
What is 30 (base 7) in base 3?
210
-1a2 (base 11) to base 16
-e9
What is -22 (base 3) in base 14?
-8
What is -36 (base 13) in base 8?
-55
Convert 20 (base 15) to base 12.
26
Convert 24 (base 7) to base 11.
17
Convert 18 (base 12) to base 7.
26
What is 136 (base 8) in base 16?
5e
What is 1030 (base 4) in base 10?
76
20 (base 3) to base 6
10
Convert 220 (base 3) to base 9.
26
-1 (base 15) to base 12
-1
What is -20 (base 10) in base 13?
-17
Convert -1122 (base 5) to base 14.
-b8
What is -2 (base 16) in base 6?
-2
What is 3 (base 7) in base 6?
3
Convert 2 (base 4) to base 14.
2
Convert -3c (base 13) to base 11.
-47
6 (base 7) to base 13
6
-21 (base 3) to base 2
-111
Convert -11000011 (base 2) to base 12.
-143
What is -13 (base 5) in base 7?
-11
Convert -2011 (base 4) to base 16.
-85
-39 (base 10) to base 11
-36
-4 (base 9) to base 14
-4
What is -2 (base 9) in base 16?
-2
Convert -4 (base 10) to base 16.
-4
Convert -2 (base 5) to base 7.
-2
What is 33 (base 4) in base 10?
15
-10 (base 5) to base 8
-5
Convert 1130 (base 6) to base 11.
226
2c (base 16) to base 15
2e
Convert e (base 15) to base 11.
13
1b (base 13) to base 6
40
What is -2 (base 8) in base 16?
-2
Convert -111 (base 2) to base 16.
-7
Convert 38 (base 10) to base 13.
2c
What is 